{"id":398,"date":"2022-03-28T17:02:06","date_gmt":"2022-03-28T20:02:06","guid":{"rendered":"https:\/\/www.reportmedia.info\/index.php\/about\/"},"modified":"2023-03-14T11:26:15","modified_gmt":"2023-03-14T14:26:15","slug":"emag","status":"publish","type":"page","link":"https:\/\/www.reportmedia.info\/index.php\/home\/emag\/","title":{"rendered":"E-mag"},"content":{"rendered":"\n\n\n\n\n\n\n\n<h3>R\u00c8PORT E-MAGAZINE<\/h3>\n<p style=\"text-align: left;\"><span style=\"font-weight: 700; text-align: start;\">R\u00e8port<\/span><span style=\"text-align: start;\">&nbsp;es el&nbsp;<\/span><span style=\"font-weight: 700; text-align: start;\">e-magazine<\/span><span style=\"text-align: start;\">&nbsp;l\u00edder de la industria de viajes en latinoam\u00e9rica, publicado dos veces al mes.<br>La publicaci\u00f3n llega a agencias de viajes, tour operadores, planificadores de reuniones y otras empresas relacionadas con viajes en el pa\u00eds.&nbsp;<\/span><span style=\"text-align: start;\">R\u00e8port proporciona la cobertura m\u00e1s actualizada de noticias de viajes nacionales e internacionales, con an\u00e1lisis, debates, entrevistas y un resumen de los eventos sociales, actividad pol\u00edtica y econ\u00f3mica de la industria.<\/span><br><\/p>\n\n\n<p style=\"font-family:roboto;font-size:14px; font-weight:400;line-height:1.5;text-align:left;color: rgb(93, 93, 93);\"><span style=\"font-weight: 700; padding: 0px; margin: 0px; overflow-wrap: break-word; font-family: Roboto;\">R\u00e8port<\/span><span style=\"font-family: Roboto;\">&nbsp;es el&nbsp;<\/span><span style=\"font-weight: 700; padding: 0px; margin: 0px; overflow-wrap: break-word; font-family: Roboto;\">e-magazine<\/span><span style=\"font-family: Roboto;\">&nbsp;l\u00edder de la industria de viajes en Argentina, publicado dos veces al mes.&nbsp;La publicaci\u00f3n llega a agencias de viajes, tour operadores, planificadores de reuniones y otras empresas relacionadas con viajes en el pa\u00eds.<\/span><\/p><p style=\"font-family:roboto;font-size:14px; font-weight:400;line-height:1.5;text-align:left;color: rgb(93, 93, 93);\"><span style=\"font-family: Roboto;\"><br><\/span><br><\/p>\n\n\n<p style=\"line-height: 1.5;\"><font face=\"roboto\"><strong>R\u00e8port Colombia<\/strong> es el e-magazine l\u00edder de la industria de viajes en Colombia,&nbsp;<\/font><span style=\"font-family: roboto;\">publicado dos veces al mes. Creado para brindar a las agencias de viajes, toda la informaci\u00f3n y oferta de productos, tanto nacionales como internacionales, actividad pol\u00edtica y econ\u00f3mica de la industria.<br><\/span><\/p><p style=\"line-height: 1.5;\"><span style=\"font-family: roboto;\"><br><\/span><\/p>\n\n\n<p style=\"font-family: roboto; font-size: 14px; line-height: 1.5; text-align: left; color: rgb(93, 93, 93);\"><strong>R\u00e8port Am\u00e9ricas<\/strong> es el \u00fanico e-magazine mensual a Pan-Regional que se publica en espa\u00f1ol y portug\u00e9s y llega al trade en 21 pa\u00edses de Am\u00e9rica Latina. La publicaci\u00f3n ofrece al comprador latinoamericano y a las empresas relacionadas con viajes un producto que proporciona programas editoriales espec\u00edficos para mostrar y respaldar los esfuerzos de ventas y marketing del proveedor.<br><\/p>\n\n\n\n\n","protected":false},"excerpt":{"rendered":"","protected":false},"author":1,"featured_media":0,"parent":301,"menu_order":0,"comment_status":"closed","ping_status":"closed","template":"","meta":{"_vp_format_video_url":"","_vp_image_focal_point":[],"footnotes":""},"class_list":["post-398","page","type-page","status-publish","hentry"],"_links":{"self":[{"href":"https:\/\/www.reportmedia.info\/index.php\/wp-json\/wp\/v2\/pages\/398","targetHints":{"allow":["GET"]}}],"collection":[{"href":"https:\/\/www.reportmedia.info\/index.php\/wp-json\/wp\/v2\/pages"}],"about":[{"href":"https:\/\/www.reportmedia.info\/index.php\/wp-json\/wp\/v2\/types\/page"}],"author":[{"embeddable":true,"href":"https:\/\/www.reportmedia.info\/index.php\/wp-json\/wp\/v2\/users\/1"}],"replies":[{"embeddable":true,"href":"https:\/\/www.reportmedia.info\/index.php\/wp-json\/wp\/v2\/comments?post=398"}],"version-history":[{"count":10,"href":"https:\/\/www.reportmedia.info\/index.php\/wp-json\/wp\/v2\/pages\/398\/revisions"}],"predecessor-version":[{"id":884,"href":"https:\/\/www.reportmedia.info\/index.php\/wp-json\/wp\/v2\/pages\/398\/revisions\/884"}],"up":[{"embeddable":true,"href":"https:\/\/www.reportmedia.info\/index.php\/wp-json\/wp\/v2\/pages\/301"}],"wp:attachment":[{"href":"https:\/\/www.reportmedia.info\/index.php\/wp-json\/wp\/v2\/media?parent=398"}],"curies":[{"name":"wp","href":"https:\/\/api.w.org\/{rel}","templated":true}]}}