{"id":477,"date":"2022-03-31T16:51:47","date_gmt":"2022-03-31T19:51:47","guid":{"rendered":"https:\/\/www.reportmedia.info\/index.php\/about\/"},"modified":"2023-03-14T11:30:52","modified_gmt":"2023-03-14T14:30:52","slug":"buenosviajes-b2c","status":"publish","type":"page","link":"https:\/\/www.reportmedia.info\/index.php\/home\/buenosviajes-b2c\/","title":{"rendered":"BuenosViajes (B2C)"},"content":{"rendered":"\n\n\n\n\n\n\n\n<h3>BUENOSVIAJES PORTAL<\/h3>\n<p>Un portal de viajes muy din\u00e1mico, www.buenosviajes.com, con actualizaciones de noticias,<\/p><p>alertas de ofertas, informaci\u00f3n pr\u00e1ctica y \u00fatil para el viajero latinoamericano.<\/p>\n\n\n<p style=\"line-height: 1.5;\"><strong>Idioma:&nbsp;<\/strong>Espa\u00f1ol<\/p><p style=\"line-height: 1.5;\"><strong>Mercado: <\/strong>B2C &#8211; Argentina&nbsp;y Conosur<\/p><p style=\"line-height: 1.5;\"><strong>Target:<\/strong> Consumidores&nbsp;de ingresos medios y altos,&nbsp;viajeros frecuentes, ejecutivos corporativos.<\/p><p style=\"line-height: 1.5;\"><strong>Cantidad de visitas: <\/strong>918.716 mensuales<\/p>\n\n\n<p style=\"line-height: 1.5;\"><strong>Idioma:<\/strong> Espa\u00f1ol<\/p><p style=\"line-height: 1.5;\"><strong>Mercado:<\/strong> B2C &#8211; Colombia<br><\/p><p style=\"line-height: 1.5;\"><strong>Target:<\/strong> Consumidores de ingresos medios y altos, viajeros frecuentes, ejecutivos corporativos.<\/p><p style=\"line-height: 1.5;\"><strong>Cantidad de visitas<\/strong>: 694.201 mensuales<\/p>\n\n\n\n\n\n\n<h3>BUENOSVIAJES NEWS<\/h3>\n<p>Un<strong> Newsletter <\/strong>de viajes muy din\u00e1mico,&nbsp;con actualizaciones de noticias,&nbsp;alertas de ofertas, informaci\u00f3n<\/p><p>pr\u00e1ctica y \u00fatil para el viajero&nbsp;latinoamericano y colombiano. Dirigido a consumidores de ingresos&nbsp;medios y altos, viajeros frecuentes,&nbsp;ejecutivos corporativos.<\/p>\n\n\n<p style=\"line-height: 1.5;\"><strong>Entrega:&nbsp;<\/strong>Semanal&nbsp;<strong>&nbsp;<\/strong><strong>Formato: <\/strong>e-newsletter&nbsp;Idioma:Espa\u00f1ol<\/p><p style=\"line-height: 1.5;\"><strong>Pa\u00edses:&nbsp;<\/strong>Argentina y Cono Sur&nbsp;<strong>&nbsp;<\/strong><strong>Mercado:<\/strong> B2C<\/p><p style=\"line-height: 1.5;\"><strong>Target: <\/strong>Consumidores de ingresos&nbsp;medios y altos, viajeros frecuentes,<\/p><p style=\"line-height: 1.5;\">ejecutivos corporativos.<strong>&nbsp;<\/strong><strong>Alcance: <\/strong>109.371 semanal<\/p>\n\n\n<p style=\"line-height: 1.5;\"><span style=\"font-weight: 700;\">Entrega:&nbsp;<\/span>Semanal&nbsp;<span style=\"font-weight: 700;\">&nbsp;<\/span><span style=\"font-weight: 700;\">Formato:&nbsp;<\/span>e-newsletter&nbsp;Idioma:Espa\u00f1ol<\/p><p style=\"line-height: 1.5;\"><span style=\"font-weight: 700;\">Pa\u00edses:&nbsp;<\/span>Colombia&nbsp;<span style=\"font-weight: 700;\">&nbsp;<\/span><span style=\"font-weight: 700;\">Mercado:<\/span>&nbsp;B2C<\/p><p style=\"line-height: 1.5;\"><span style=\"font-weight: 700;\">Target:&nbsp;<\/span>Consumidores de ingresos&nbsp;medios y altos, viajeros frecuentes,<\/p><p style=\"line-height: 1.5;\">ejecutivos corporativos.<span style=\"font-weight: 700;\">&nbsp;<\/span><span style=\"font-weight: 700;\">Alcance:&nbsp;<\/span>82.643 semanal<\/p>\n\n\n\n\n","protected":false},"excerpt":{"rendered":"","protected":false},"author":1,"featured_media":0,"parent":301,"menu_order":0,"comment_status":"closed","ping_status":"closed","template":"","meta":{"_vp_format_video_url":"","_vp_image_focal_point":[],"footnotes":""},"class_list":["post-477","page","type-page","status-publish","hentry"],"_links":{"self":[{"href":"https:\/\/www.reportmedia.info\/index.php\/wp-json\/wp\/v2\/pages\/477","targetHints":{"allow":["GET"]}}],"collection":[{"href":"https:\/\/www.reportmedia.info\/index.php\/wp-json\/wp\/v2\/pages"}],"about":[{"href":"https:\/\/www.reportmedia.info\/index.php\/wp-json\/wp\/v2\/types\/page"}],"author":[{"embeddable":true,"href":"https:\/\/www.reportmedia.info\/index.php\/wp-json\/wp\/v2\/users\/1"}],"replies":[{"embeddable":true,"href":"https:\/\/www.reportmedia.info\/index.php\/wp-json\/wp\/v2\/comments?post=477"}],"version-history":[{"count":11,"href":"https:\/\/www.reportmedia.info\/index.php\/wp-json\/wp\/v2\/pages\/477\/revisions"}],"predecessor-version":[{"id":888,"href":"https:\/\/www.reportmedia.info\/index.php\/wp-json\/wp\/v2\/pages\/477\/revisions\/888"}],"up":[{"embeddable":true,"href":"https:\/\/www.reportmedia.info\/index.php\/wp-json\/wp\/v2\/pages\/301"}],"wp:attachment":[{"href":"https:\/\/www.reportmedia.info\/index.php\/wp-json\/wp\/v2\/media?parent=477"}],"curies":[{"name":"wp","href":"https:\/\/api.w.org\/{rel}","templated":true}]}}